82 (base 12) to base 14.
-14c522
Convert -b75667 (base 15) to base 2.
-100001010010010100111110
Convert -564056 (base 8) to base 2.
-101110100000101110
What is -63966 (base 14) in base 6?
-5053450
-1111000000010101 (base 2) to base 15
-13326
What is 341404010 (base 6) in base 16?
5f2c26
Convert -10001221111100 (base 3) to base 12.
-668953
Convert -20221245 (base 6) to base 15.
-b6558
What is 10100010010111010 (base 2) in base 4?
110102322
What is -52651 (base 11) in base 2?
-10010101101101001
What is -bf76f (base 16) in base 15?
-107579
Convert -489b17 (base 13) to base 7.
-20515135
What is -102526 (base 9) in base 7?
-342441
Convert -245205252 (base 6) to base 7.
-55124102
752033 (base 9) to base 13
128997
-1110201011202 (base 3) to base 6
-24430332
Convert -2a955 (base 13) to base 5.
-10040213
What is -11003130 (base 4) in base 7?
-114231
What is -1c18c3 (base 13) in base 16?
-af3a5
What is 550021 (base 7) in base 15?
1d6da
Convert -2235255 (base 6) to base 9.
-183258
What is 58b2 (base 13) in base 14?
4798
What is 38081 (base 10) in base 8?
112301
49291 (base 13) to base 9
224414
What is 101201201102 (base 3) in base 10?
211205
What is 200210211121220 (base 3) in base 14?
1482abd
-51033a (base 11) to base 3
-1112200020120
Convert 4651a3 (base 15) to base 6.
155552343
Convert -95179 (base 11) to base 14.
-38743
What is -32b10 (base 13) in base 2?
-10110011100101101
-103221332 (base 4) to base 13
-2a851
What is 4208 (base 15) in base 14?
5130
-46a11 (base 14) to base 6
-3404435
What is -12012 (base 15) in base 11?
-3a135
Convert 112010020021110 (base 3) to base 12.
261a586
bcba8 (base 14) to base 16
6fc50
Convert 234770 (base 9) to base 2.
100010100000001111
Convert -312514 (base 10) to base 3.
-120212200121
-642d (base 15) to base 4
-11023021
-101011110101000110011000 (base 2) to base 4
-223311012120
What is -1bc327 (base 16) in base 11?
-1032a69
Convert 1000101010010011110100011 (base 2) to base 11.
a286661
Convert 2413312320 (base 5) to base 9.
11481321
Convert 11111101000001011 (base 2) to base 11.
89370
Convert 927a05 (base 14) to base 7.
56655505
-15473a0 (base 11) to base 14
-4cbdaa
What is 386b (base 14) in base 5?
304040
What is -1111111100011010100 (base 2) in base 8?
-1774324
What is 4614007 (base 11) in base 12?
2853722
982813 (base 11) to base 2
101111111010110110111
What is -1915679 (base 10) in base 5?
-442300204
4a586 (base 13) to base 11
9406a
Convert -101231120 (base 5) to base 15.
-82c5a
-233000332 (base 5) to base 8
-4033300
Convert -b1390 (base 12) to base 6.
-4534300
Convert 2cb9c9 (base 13) to base 8.
4172203
What is 131313235 (base 6) in base 2?
1001111000101011010111
Convert -10211101 (base 7) to base 15.
-11ec01
What is 153130 (base 9) in base 14?
2644d
What is -213213321 (base 4) in base 7?
-1244112
Convert 51783b (base 14) to base 4.
22132333031
What is 13056572 (base 8) in base 15?
3c6744
What is -71631773 (base 8) in base 9?
-31453722
-144225534 (base 6) to base 14
-5833a2
What is 3783bb (base 12) in base 13?
25952c
Convert 2333330202 (base 4) to base 3.
1110221110220
What is 24211727 (base 8) in base 16?
5113d7
Convert 1110100110001000111110 (base 2) to base 9.
7171545
Convert 116c81 (base 15) to base 8.
3133057
Convert 100123 (base 6) to base 11.
5976
Convert 2b860 (base 12) to base 7.
344616
Convert 12ffc4 (base 16) to base 15.
198dd4
What is -4201836 (base 9) in base 3?
-11020001221020
What is -112135 (base 11) in base 10?
-178513
Convert 13355134 (base 6) to base 13.
12a29a
7a34e (base 15) to base 7
3206513
What is 28c3 (base 16) in base 3?
112022111
Convert 1564255 (base 9) to base 11.
544034
What is 210162226 (base 7) in base 11?
6a9a179
6700404 (base 9) to base 8
15573615
1212133201 (base 4) to base 9
708774
What is -54100 (base 6) in base 7?
-30342
What is -21231121231 (base 4) in base 5?
-1122422021
Convert 1f2036 (base 16) to base 11.
1173640
What is -24531222 (base 6) in base 15?
-108e2b
-44276 (base 12) to base 14
-24c54
Convert -2011012100121 (base 3) to base 12.
-472aba
Convert b68043 (base 12) to base 16.
2be033
What is -8c788c (base 14) in base 4?
-102100011210
27091 (base 16) to base 3
22010022211
What is 111230102 (base 5) in base 10?
492527
2201332 (base 4) to base 16
287e
-210102211110 (base 3) to base 13
-11a0b1
-34a18 (base 15) to base 12
-81028
-110133001002 (base 4) to base 16
-51f042
Convert 2595a4 (base 14) to base 7.
13665164
-1120120202020 (base 3) to base 11
-522800
Convert -39799 (base 14) to base 11.
-97302
Convert 3323310 (base 5) to base 10.
57955
Convert -62764 (base 10) to base 15.
-138e4
Convert 89476 (base 12) to base 6.
3523030
What is 2222020201 (base 3) in base 5?
3333001
Convert 2cb07 (base 15) to base 7.
1140334
Convert -111111000111011011 (base 2) to base 6.
-5312511
-468101 (base 9) to base 10
-281476
What is -1201201221220 (base 3) in base 9?
-1651856
Convert -105170437 (base 8) to base 9.
-37132582
Convert -4535532 (base 6) to base 12.
-b15a8
Convert -122213220000 (base 4) to base 12.
-2406280
Convert -b63a7 (base 15) to base 6.
-20215421
Convert 1001000100010110111000 (base 2) to base 14.
45c440
Convert -3205134 (base 8) to base 14.
-183644
Convert -2037627 (base 8) to base 12.
-2209b3
Convert -2521665 (base 9) to base 3.
-2120201202012
Convert -535441 (base 10) to base 4.
-2002232101
What is -33522113 (base 6) in base 13?
-29a093
-652434 (base 8) to base 7
-1566503
-21120002111 (base 3) to base 7
-1156525
Convert 4799ef (base 16) to base 3.
22211101211221
What is 5a1754 (base 12) in base 4?
11203003300
-a8044 (base 12) to base 5
-24034421
Convert -b3b7b (base 16) to base 2.
-10110011101101111011
What is -16bd9 (base 16) in base 8?
-265731
Convert -794d62 (base 14) to base 9.
-7675207
Convert -231050514 (base 6) to base 8.
-20161316
What is -3361b6 (base 13) in base 11?
-759434
What is 1325aa (base 11) in base 14?
55d0d
8640481 (base 9) to base 8
21527617
Convert 406730 (base 8) to base 14.
370b6
Convert -17ecb07 (base 15) to base 14.
-246634a
-642410 (base 9) to base 14
-9d493
What is -768b (base 12) in base 9?
-18828
What is -37613 (base 14) in base 16?
-211e1
23221117 (base 8) to base 13
107cb75
Convert -10220200012 (base 3) to base 15.
-17c5b
Convert -122203204 (base 6) to base 4.
-20331200110
-333330 (base 5) to base 8
-26703
Convert 1002122101000 (base 3) to base 12.
2417a6
What is 122001104 (base 5) in base 12?
23a79b
What is -2bac10 (base 15) in base 16?
-203a5a
5622511 (base 8) to base 2
101110010010101001001
3bb244 (base 13) to base 6
51045015
Convert -11110010101011011100 (base 2) to base 8.
-3625334
Convert 5806a (base 11) to base 6.
1444321
-31ce3 (base 16) to base 4
-301303203
Convert 20315213 (base 7) to base 11.
a62599
What is 125553443 (base 6) in base 5?
1121101242
What is 11220021222100 (base 3) in base 16?
27bbc2
Convert -2d0940 (base 14) to base 13.
-432982
-111002220201221 (base 3) to base 5
-3240404013
-3303406 (base 7) to base 15
-7ed34
Convert 24deb (base 16) to base 10.
151019
Convert -d2bc97 (base 14) to base 16.
-6c5b1d
What is 4434243 (base 5) in base 9?
127213
Convert 1000100010110010 (base 2) to base 15.
a57e
-15a405 (base 12) to base 13
-cc773
What is 17a73c (base 14) in base 10?
835602
Convert 4006085 (base 9) to base 3.
11000020002212
What is -3492716 (base 10) in base 16?
-354b6c
What is -d921a (base 15) in base 5?
-134021400
-2110132231 (base 5) to base 7
-52142413
b198 (base 12) to base 15
5a98
-1111000010111110101 (base 2) to base 6
-14322341
Convert 15451213 (base 6) to base 10.
551097
What is 514996 (base 10) in base 12?
20a044
What is -835692 (base 11) in base 7?
-14250106
-11110101100000111 (base 2) to base 11
-86496
What is -1e4ca (base 15) in base 3?
-12000202101
101244401 (base 7) to base 13
12c6b54
What is -98be8 (base 15) in base 13?
-13cb92
Convert 40c87 (base 15) to base 13.
725c5
1000002313 (base 4) to base 10
262327
Convert 725887 (base 11) to base 14.
224485
Convert a502a3 (base 11) to base 3.
10011120002222
What is 1012022200210 (base 3) in base 7?
5256540
Convert -156526 (base 7) to base 5.
-1444020
Convert -33b744 (base 12) to base 15.
-115867
What is -8396a (base 11) in base 13?
-43878
Convert 12300011 (base 4) to base 16.
6c05
-365541 (base 8) to base 12
-60969
Convert 11010010010011111 (base 2) to base 1